n.
2
Suppose 0*i + 70 = -5*i. Let k = 16 + i. Calculate the remainder when 27 is divided by 14 - k/(0 + -2).
12
Suppose -3*u - 648 = -3*h, 3*h = u + 137 + 503. Suppose 0 = -12*r + 136 + h. What is the remainder when r is divided by 20?
9
Suppose -5*g = -3*k + 29, 2*k + 2*g - 69 = -3*k. Let u(r) = -24*r**3 - r**2 + 1. Let q = 13 + -14. What is the remainder when u(q) is divided by k?
11
Let z(s) = -14*s + 143. Calculate the remainder when z(8) is divided by 13.
5
Suppose o = 5*n - 78, 0 = o - 2*o - 3. Suppose 0 = 4*u - 27 - 81. Calculate the remainder when u is divided by n.
12
Suppose -125 = -2*g + v, -2*g = -3*g - 2*v + 65. Calculate the remainder when 250 is divided by g.
61
Let a be 106/(-3)*(-51)/34. Let t = 83 - a. Calculate the remainder when t is divided by 8.
6
Let x = -584 - -655. Calculate the remainder when x is divided by 6.
5
Let h be (-117)/(-7) + (-12)/(-42). Let s = h - -4. Suppose -5 = 4*v + 3, -3*m = 4*v - 10. What is the remainder when s is divided by m?
3
Suppose -16 = 4*y, 2*y + 40 = -21*c + 25*c. Let k(n) = -n**3 - n**2 + 5*n - 1. Calculate the remainder when k(-4) is divided by c.
3
Suppose -4*s = -102 + 34. Calculate the remainder when 48 is divided by s.
14
Suppose 222 = 3*b - 192. Suppose 0 = -i + 37 - 2. What is the remainder when b is divided by i?
33
Let p be 1*4 - (0 - -2). Let l be 0 - (p + -2 - 3). Suppose -l*u = -9 - 12. What is the remainder when u is divided by 4?
3
Suppose 25 = 2*v + 3*v. Suppose -v*r + 375 = -0*r. Suppose r = -3*q + 6*q. What is the remainder when 99 is divided by q?
24
Suppose -13*z = -10*z - 417. Calculate the remainder when z is divided by 38.
25
Let b = 5 - 0. Let u = 509 + -305. Suppose b*h = 2*k - 4*k + u, -5*k = -4*h + 150. What is the remainder when h is divided by 14?
12
Suppose -2*l - 4*k = -l - 1, 0 = -4*l - 2*k + 32. Let m be 3/(0 - l/(-15)). Suppose -m + 1 = -q. What is the remainder when 6 is divided by q?
2
Let t(u) = u**3 + 34*u**2 + 32*u - 27. What is the remainder when 173 is divided by t(-33)?
5
Let w(h) = 8*h**2 - h - 4. Let k be w(-2). Let i be k + 1 - (4 - 0). Suppose -2*z = -1 - i. Calculate the remainder when 39 is divided by z.
11
Suppose 4*r - 4*x - 60 = 0, 78 = 4*r + 3*x + 2*x. Let y = -20672 - -20688. What is the remainder when r is divided by y?
1
Suppose -64*v = -89*v + 1050. Calculate the remainder when v is divided by 9.
6
Let k = 1 - -20. Let t = k + -26. Let i = 17 + t. What is the remainder when 20 is divided by i?
8
Let d(h) = 21*h - 254. What is the remainder when 48 is divided by d(14)?
8
Let x be 7/14*(-12)/3. Calculate the remainder when 230 is divided by ((-87)/(-3))/((-1)/x).
56
Let y(x) = x**3 + 4*x**2 - 3*x - 4. Let r be y(-4). Let a(j) = 6*j + 13. Let v = 33 - 17. What is the remainder when a(r) is divided by v?
13
Let y = 1332 - 1281. What is the remainder when 245 is divided by y?
41
Let n be (15/(-12))/(((-9)/(-12))/(-3)). Suppose -n*u = -4*s - 133 - 147, 4*u = 4*s + 228. What is the remainder when u is divided by 3?
1
Suppose 3*r + 9 = 0, -3*r = 2*s - r - 58. What is the remainder when s is divided by (2 - (-4 + -2 + 7)) + 6?
4
Suppose 4*v + 13*k - 266 = 10*k, 5*v = -5*k + 330. Calculate the remainder when v is divided by 8.
4
Suppose -4 = -2*n + 3*n. Calculate the remainder when 544/51 - n/3 is divided by 9 - 1 - (3 + -2).
5
Let v = 699 + -677. Calculate the remainder when 126 is divided by v.
16
Suppose -485 = -3*g + 3*q + 565, q + 1409 = 4*g. Calculate the remainder when g is divided by 59.
58
Let m = 30 + -25. Suppose -m*q + 0*q + 230 = 0. Suppose 0 = i + 3*i - 48. What is the remainder when q is divided by i?
10
Let h(t) = 3*t + 9. Let z be h(-5). Let c = z + 10. What is the remainder when 29 is divided by 14 + (2 + -3)*c?
9
Let j be 55 - -1*1/1. Let a = -253 + 285. Let v = j - a. Calculate the remainder when 71 is divided by v.
23
Suppose 5*a + 7*c - 3*c - 16 = 0, 2*c + 6 = a. Let k(l) = 8*l + 5*l**2 + 13*l**2 - a + l**3 + 17 - 7*l**2. What is the remainder when k(-10) is divided by 17?
16
Let q(r) = r**3 - 15*r**2 - r + 8. Let o be q(15). What is the remainder when ((-2)/(-5))/(o/(-455)) is divided by 6?
2
Let o be 1/((-1)/3) - 31. Let j = o + 46. Calculate the remainder when 46 is divided by j.
10
Suppose -m + 27 = 2*n, 2 - 32 = -5*n + 5*m. What is the remainder when (-10 - -5)/((-2)/8) is divided by n?
9
Suppose 6*o + 85 = 151. Calculate the remainder when 241 is divided by o.
10
Let s = -13 + 16. Let v(k) = -4*k**3 + 3 - 2 - k + 3*k + k**s. Calculate the remainder when v(-2) is divided by 6.
3
Suppose -2*p = -z - z - 132, 4*z + 66 = p. What is the remainder when 125 is divided by p?
59
Let c(h) = -14*h. Let j be c(-1). Suppose 100 = j*z - 9*z. What is the remainder when z is divided by 7?
6
Let t = -3 - -5. Suppose -t*i = i - 9. What is the remainder when ((-24)/(-20) - 1)*(3 - -32) is divided by i?
1
Let o = -21 - 47. Calculate the remainder when 3 is divided by (6/(-8))/(17/o).
0
Let v be 4*1/((-4)/57). Let x = v + 80. What is the remainder when 4/(-6) + x/3 is divided by 3?
1
Calculate the remainder when ((-1)/(-5))/((-114)/(-101460)) is divided by 66.
46
Let m = 606 - 548. What is the remainder when 345 is divided by m?
55
Let f = -343 - -469. What is the remainder when f is divided by 38?
12
Let k(v) = -v**3 - 11*v**2 + 11*v - 10. Let q be k(-12). Let d be (q - 3) + (-140)/(-5). Suppose 3*t = d + 21. What is the remainder when t is divided by 6?
4
Let s = -35 + 51. Suppose -335 = -7*l - 34. What is the remainder when l is divided by s?
11
Suppose 10*r - 3*r = 21. Let v = r + 49. Calculate the remainder when v is divided by 28.
24
Let c(b) = 85*b**3 + 3*b**2 - b - 1. Let s be c(1). Let g = s - 48. Calculate the remainder when g is divided by 13.
12
Let h(s) = -28*s + 1. Let w be h(1). Suppose -2*n + 26 = 4*o, 4*o + 4 = -n + 25. What is the remainder when 34/8 + w/(-36) is divided by o?
1
Let t(x) = x**3 - 6*x**2 - 13. Let k be t(6). Suppose m = 4*j - 5 - 1, 8 = -j + 5*m. Let d = j - k. Calculate the remainder when d is divided by 8.
7
Suppose 2*b = -3*s + 91, -5*b + 8*s - 4*s + 170 = 0. What is the remainder when 167 is divided by b?
15
Let x = -47 - -83. Suppose 5*k - 52 = -c, -5*c - 18 = -2*k - 4*c. What is the remainder when x is divided by k?
6
Let i(j) = -j**3 + j**2 + 23*j + 13. Calculate the remainder when 2948 is divided by i(0).
10
Suppose 0 = -3*s + 2*x - 179, 8*s - 6*s = 5*x - 101. Let w = 68 + s. Calculate the remainder when w is divided by 4.
1
Suppose -i - y + 27 = -4*y, -4*y = -4*i + 68. What is the remainder when 22 is divided by i?
10
Suppose 0 = -26*h + 28*h + 12. Calculate the remainder when 42/9 + 1 + h/9 is divided by 2.
1
Let g(i) = i**2 + 3*i - 7. Calculate the remainder when 195 is divided by g(4).
6
Let n = -45 + -35. Let o be (21/(-6))/(2/(-68)). Let m = o + n. What is the remainder when m is divided by 21?
18
Let b(g) = g**3 + 11*g**2 - 14*g - 21. Let a be b(-12). Suppose a*i = c + 7 + 33, 25 = 2*i + c. Calculate the remainder when 50 is divided by i.
11
Let o = 92 - 74. Suppose 22*a = 23*a - o. Calculate the remainder when 141 is divided by a.
15
Suppose -9*n - 149 = -10*n - 3*y, -5*n + 3*y + 835 = 0. What is the remainder when n is divided by 43?
35
Let a(l) = -2. Let n(b) = -b - 5. Let o(z) = 8*a(z) - 3*n(z). What is the remainder when 125 is divided by o(11)?
29
What is the remainder when ((-14)/(-1))/7 + 63 is divided by 18?
11
Suppose 1420 = 38*d - 18*d. Calculate the remainder when d is divided by 6.
5
Suppose n = 2*n - 76. What is the remainder when n is divided by 35?
6
Let s(f) = f**2 + 3*f - 27. Calculate the remainder when 103 is divided by s(5).
12
Let v(t) be the first derivative of t**4/4 + 7*t**3/3 - 6*t**2 - 9*t + 2. Let a be (-1)/(-6) + (-245)/30. Calculate the remainder when 89 is divided by v(a).
20
Let g(s) = 2*s**2 - 2*s - 1. Let r be g(2). Suppose 5*u = -10, r*n = -n + 3*u + 370. Let c = n + -42. Calculate the remainder when c is divided by 25.
24
Calculate the remainder when 9/(220/(-28) + 8) is divided by 18.
9
Let h = -184 + 58. Let y = h - -185. Suppose -2*s + 6 = -34. What is the remainder when y is divided by s?
19
Let s be ((-2)/(-8))/((5/(-40))/(-1)). Suppose -2*c - s = -18. Calculate the remainder when c is divided by 3.
2
Calculate the remainder when ((-6)/8 + 1)*(